culate the greatest common factor of b and 4.
1
Suppose -2*d + d + 24 = 0. Let z be d/2*36/8. Let k = 16 + -7. What is the highest common factor of z and k?
9
Let b = -17 - -73. Suppose -2*p + 16 = -2*j, 5*j + 33 - 1 = 3*p. Suppose -2*s + 12 + p = 0. What is the highest common divisor of b and s?
8
Let a(l) = -l**3 + 7*l**2 - 6*l - 4. Let u be a(5). Let k = u - 8. Let q(m) = m**2 + 4*m + 2. Let c be q(-4). Calculate the highest common divisor of k and c.
2
Let d be (-19 - -1)/(2 - 11/4). Calculate the greatest common divisor of 8 and d.
8
Suppose -5*i = 3*t - 39, 5*t + 3*i + 6 = 87. What is the greatest common factor of t and 18?
18
Let k(o) be the third derivative of -o**5/60 + o**4/4 - o**3 + 3*o**2. Let a be k(4). What is the highest common factor of 10 and a?
2
Suppose p - 5 = 7. Let o be (-4)/p + (-44)/(-6). What is the highest common factor of 77 and o?
7
Let h = 147 - 112. Let s(t) = 244*t**2 + 2*t - 1. Let b be s(1). What is the highest common divisor of h and b?
35
Let l = -36 - -71. Suppose 20 = -0*u + 4*u. What is the greatest common divisor of u and l?
5
Let f(v) = v**2 - 11*v + 11. Let u be f(11). Let k be 66/(3/(-6)*-3). Calculate the highest common divisor of k and u.
11
Let f be 0/(-5) - (-58)/2. What is the highest common factor of 232 and f?
29
Suppose -2*r + 3*r = 0, 5*f + 2*r - 600 = 0. Let m = -81 + f. Let q = -50 + 76. Calculate the highest common factor of m and q.
13
Suppose 0 = 3*w - 6*w. Let n(g) = -g**2 + g + 42. Let r be n(w). What is the highest common factor of 14 and r?
14
Let w = -2 + 10. Let k(f) = -f**3 + 9*f**2 - 8*f. Let a be k(w). Suppose -c + 5*g = -21, c + g + a + 3 = 0. What is the greatest common factor of 5 and c?
1
Suppose m - 3*m = -l - 10, -m + 8 = -2*l. Let k = -7 + m. Let x be 40/k*3/(-2). What is the greatest common factor of 10 and x?
10
Let f(v) = 6*v**2 - 8*v + 8. Let m be f(6). Let a(p) = -p**2 + 12*p - 4. Let s be a(10). Calculate the highest common divisor of m and s.
16
Let p(x) = x**2 + 5*x - 4. Let c(o) = o**3 + 4 + 6*o**2 + 4*o**3 + 7*o - 4*o**3. Let b be c(-5). Let l be p(b). What is the greatest common divisor of l and 3?
1
Suppose -2*x = -p - 9, 0*x - p = 3*x - 6. Suppose -x = k, t - k = -0*k - 1. Let i be -4 + 3 - (t + 2). What is the highest common factor of i and 11?
1
Let h be 0 - 4 - (0 - 18). Calculate the highest common divisor of h and 112.
14
Suppose -g + 2*g = 0. Suppose -t + 24 + 28 = g. What is the greatest common divisor of t and 13?
13
Let z be 1/3 + 1904/102. Calculate the greatest common factor of 38 and z.
19
Let j(h) = h**2 - 10*h + 5. Let l be j(11). What is the greatest common factor of l and 56?
8
Let v be 4/14 - (-917)/49. Suppose 0*q + 836 = 4*q. Calculate the greatest common divisor of q and v.
19
Let c(k) = -k**3 + k**2 + 7*k + 6. Let j be c(-5). What is the greatest common divisor of j and 11?
11
Let n be 5*(-8)/(1 + -3). What is the greatest common divisor of 10 and n?
10
Let p be (-1 + 39/12)*-4. Let a be (6/p*3)/(-1). Calculate the highest common factor of 2 and a.
2
Let m(t) = -t**3 + 6*t**2 + 2*t - 7. Let u be m(6). Calculate the highest common factor of 20 and u.
5
Let m be ((-2)/(-1))/(2/2). Let f(n) = -11*n + 103. Let r be f(9). Calculate the highest common divisor of r and m.
2
Let m = -12 - -32. Calculate the highest common factor of m and 30.
10
Let p be 6*14*4/6. What is the greatest common divisor of 8 and p?
8
Suppose -3*n + 0*n + 66 = 0. Suppose 3*q = 20 + n. Calculate the greatest common divisor of 154 and q.
14
Let j = 64 - -48. What is the highest common factor of j and 16?
16
Let f be 4/(-6)*(-5 + 2). What is the highest common factor of 8 and f?
2
Let k = 0 - 3. Let c be 9 + (2 - 3)*k. Let y(q) = -q**2 + 4*q + 1. Let g be y(3). Calculate the greatest common divisor of c and g.
4
Suppose 3*b = 7*b. Suppose b = a + 2, -a + 6*a = 2*u - 76. Calculate the greatest common factor of 3 and u.
3
Let l = -134 - -199. Let a = 53 - 27. What is the highest common divisor of l and a?
13
Let g(i) = -i**3 - 11*i**2 + 26. Let c be g(-11). Calculate the greatest common divisor of c and 234.
26
Let s = -21 - -40. Let k = -1 - -5. Suppose 9 = k*f - 67. Calculate the highest common factor of f and s.
19
Let s(c) = 67*c**2 - c + 1. Let g be s(1). Suppose -2*v - 2*v = 8, g = 3*f - 2*v. Calculate the greatest common divisor of f and 14.
7
Let m(c) = 4*c. Let i be m(-2). Let s = 5 + i. Let q be (21/s)/((-1)/1). What is the greatest common factor of 1 and q?
1
Suppose 0 = -2*g - 3*y + 4, -3*y = 6*g - g - 19. What is the highest common divisor of g and 20?
5
Let w(u) = -u**3 - 6*u**2 + 4*u. Let b be w(-10). Suppose k = -5*r + 310, -4*r - 113 = k - b. Calculate the highest common divisor of r and 7.
7
Let f = 64 - 63. Calculate the greatest common divisor of 9 and f.
1
Let f be 4*6 + -6 + (-32)/(-4). Calculate the greatest common factor of 65 and f.
13
Let j = 26 + -17. Suppose 4*l + 37 = 109. Calculate the highest common factor of j and l.
9
Suppose 5*o - 56 = n - 2*n, 2*n = -o + 13. Calculate the greatest common divisor of 22 and o.
11
Suppose -3*o = 5*g - 315, 3*o - 16 = -1. Let v be (2/(-5))/((-2)/60). Let a be 147/v - 2/8. Calculate the highest common factor of g and a.
12
Let z be ((-4)/(-6))/(2/(-12)). Let v = 11 - z. Calculate the greatest common factor of v and 5.
5
Suppose -4*r + 4*l + 28 = 0, -6*r + r + 5 = l. Let f be 2/(-5) + (-3)/5. Let p be f*-2*1 - 1. What is the highest common factor of r and p?
1
Let c(t) = -8*t. Let u be c(-3). Calculate the highest common divisor of u and 6.
6
Let y be (-166)/(-18) - (-6)/(-27). Let d = y + 1. Calculate the greatest common divisor of 90 and d.
10
Suppose -2*t + 65 = -95. Calculate the greatest common factor of 10 and t.
10
Suppose -9 = h + 9. Let f be (-2)/2*1*-31. Let u = h + f. Calculate the highest common factor of 52 and u.
13
Let w be 3 - (2 + -5 + 4). Suppose -m - 3*m + 24 = w*g, -g + 5*m = -12. Suppose b + 4*b = f + 13, -f + 2*b = -2. What is the greatest common divisor of f and g?
12
Let z be (0 - 1)*(-2 + 2). Suppose z*g + g = -4*u + 33, 50 = 5*g - 3*u. Calculate the highest common divisor of g and 13.
13
Let k(w) = 15*w + 9. Let u be k(12). What is the greatest common divisor of u and 21?
21
Let k = 61 + -43. Calculate the highest common divisor of k and 9.
9
Let i be (0/4 + -1)*-11. Calculate the greatest common factor of 11 and i.
11
Let d = -16 - -34. What is the greatest common factor of d and 45?
9
Suppose v + 2*v - 54 = 0. Let p be v*((-80)/(-6))/2. Calculate the highest common divisor of 15 and p.
15
Suppose -3*o = -2*z + 7, 0 = 5*o + 5. Let a be -27*z/(-6)*1. Calculate the greatest common divisor of 36 and a.
9
Let y = -13 - -18. Let v = 8 + -4. Let m be (-10)/v*(-4 - 18). Calculate the highest common factor of y and m.
5
Let y(l) = -2*l - 2. Let a be y(-5). Let o = -4 + a. Suppose -3*n - 3*u = -39, -2*u = -o*u. Calculate the highest common factor of n and 13.
13
Let r be 36/8 - 3/2. Suppose -56 = r*p - 164. Let m = -23 - -47. What is the greatest common divisor of p and m?
12
Let u be 14/(2 - 14/8). What is the greatest common factor of u and 7?
7
Suppose -4*s - s = -125. Let a = -14 + s. Suppose -z + 21 = d - a, 3*z = 3*d + 96. Calculate the greatest common divisor of 8 and z.
8
Let v(j) = -2*j + 2*j**2 - 3*j**2 + j - j**3. Let b be v(-2). Suppose 5*n - 2*u = 26 + b, -3*u + 12 = 0. What is the greatest common divisor of n and 40?
8
Suppose 2*v - y + 1 = -0*y, v - 27 = -5*y. Calculate the highest common factor of 8 and v.
2
Let a(d) = -d + 5. Let h be a(-7). Let y = h - 7. Suppose 5 - 185 = -y*z. What is the greatest common factor of 4 and z?
4
Let r = 34 - -1. Let c = -73 + 87. What is the highest common factor of r and c?
7
Let d be 6/(6/2 - 1). Suppose -5*n + 2*x + 360 = -d*x, n + 3*x - 72 = 0. Let q = 162 - n. What is the highest common divisor of q and 36?
18
Let c(j) = -2*j**3 + 4*j. Let y be c(-4). Let x = 7 - -7. What is the highest common factor of y and x?
14
Let s(o) = 3*o**2 - 6*o - 6. Let b be s(8). Let v = b + -39. Suppose 5*i + v = n + 343, 0 = -4*i - n + 188. Calculate the highest common factor of i and 32.
16
Let d = -16 + 4. Let t be 175/4 + (-3)/d. Let z(f) = -f**3 - 10*f**2 - 10*f - 5. Let q be z(-9). Calculate the greatest common divisor of q and t.
4
Suppose 5*p + 55 